{"id":12,"date":"2019-01-03T19:47:35","date_gmt":"2019-01-03T18:47:35","guid":{"rendered":"http:\/\/www.vs-jaegergrund.at\/wordpress\/wordpress\/?page_id=12"},"modified":"2024-09-29T20:01:36","modified_gmt":"2024-09-29T18:01:36","slug":"schulprofil","status":"publish","type":"page","link":"https:\/\/new.vs-jaegergrund.at\/?page_id=12","title":{"rendered":"Schulprofil"},"content":{"rendered":"\n<h2 class=\"wp-block-heading\"><strong>Die Volksschule J\u00e4gergrund bietet als ganzt\u00e4gige Schulform &#8230;<\/strong><\/h2>\n\n\n\n<figure class=\"wp-block-table\"><table><tbody><tr><\/tr><\/tbody><\/table><\/figure>\n\n\n\n<h3 class=\"wp-block-heading\"><strong>&#8230; innovativen&nbsp;Unterricht<\/strong><\/h3>\n\n\n\n<ul>\n<li>St\u00e4rkung des Selbstwertes und der sozialen Kompetenz<\/li>\n\n\n\n<li>F\u00f6rderung der Toleranz und des interkulturellen Dialogs<\/li>\n\n\n\n<li>F\u00f6rderung des Umweltbewusstseins<\/li>\n\n\n\n<li>Computerunterst\u00fctzter Unterricht<\/li>\n\n\n\n<li>Projektorientierter Unterricht<\/li>\n\n\n\n<li>gro\u00dfes Leseangebot, Sch\u00fclerb\u00fccherei mit ca. 3500 B\u00fcchern<\/li>\n\n\n\n<li>Individuelle F\u00f6rderung durch unterschiedliche Lehr- und Lernformen<\/li>\n\n\n\n<li>Englischunterricht ab der 1.Klasse<\/li>\n\n\n\n<li>Sprachheilunterricht<\/li>\n\n\n\n<li><\/li>\n\n\n\n<li>Eine umfassende und solide Grundausbildung, die allen Sch\u00fclerInnen,\u00a0<br>ihren F\u00e4higkeiten entsprechend, einen guten Start in eine weiterf\u00fchrende Schule erm\u00f6glicht.<\/li>\n\n\n\n<li>F\u00f6rderung und Freizeitbetreuung am Nachmittag<\/li>\n\n\n\n<li>P\u00e4dagogische Fortbildungsabende f\u00fcr Eltern<\/li>\n<\/ul>\n\n\n\n<h3 class=\"wp-block-heading\"><strong>&#8230; zahlreiche&nbsp;Aktivit\u00e4ten und Angebote&nbsp;<\/strong><\/h3>\n\n\n\n<ul>\n<li>Sportangebote (<a href=\"http:\/\/www.atus-graz.com\/\">ATUS<\/a>,\u00a0<a href=\"http:\/\/movingkids.at\/\">Fu\u00dfball- und Bewegungsschule ZISSER<\/a>,..)<\/li>\n\n\n\n<li>Darstellendes Spiel (Sch\u00fclertheater)<\/li>\n\n\n\n<li>T\u00f6pfern (eigener Brennofen)<\/li>\n\n\n\n<li>Chor<\/li>\n\n\n\n<li>Instrumentalunterricht<\/li>\n\n\n\n<li>Englisch am Nachmittag<\/li>\n\n\n\n<li>Fu\u00dfball<\/li>\n\n\n\n<li>Basketball<\/li>\n<\/ul>\n\n\n\n<h3 class=\"wp-block-heading\"><strong>&#8230;&nbsp;f\u00fcr die gro\u00dfe Pause&nbsp;<\/strong><\/h3>\n\n\n\n<ul>\n<li>eine 6999 m\u00b2 gro\u00dfe Gr\u00fcnfl\u00e4che mit B\u00e4umen zum Austoben und Erholen im Freien.<\/li>\n<\/ul>\n","protected":false},"excerpt":{"rendered":"<p>Die Volksschule J\u00e4gergrund bietet als ganzt\u00e4gige Schulform &#8230; &#8230; innovativen&nbsp;Unterricht &#8230; zahlreiche&nbsp;Aktivit\u00e4ten und Angebote&nbsp; &#8230;&nbsp;f\u00fcr die gro\u00dfe Pause&nbsp;<\/p>\n","protected":false},"author":3,"featured_media":0,"parent":0,"menu_order":0,"comment_status":"closed","ping_status":"closed","template":"","meta":{"footnotes":""},"_links":{"self":[{"href":"https:\/\/new.vs-jaegergrund.at\/index.php?rest_route=\/wp\/v2\/pages\/12"}],"collection":[{"href":"https:\/\/new.vs-jaegergrund.at\/index.php?rest_route=\/wp\/v2\/pages"}],"about":[{"href":"https:\/\/new.vs-jaegergrund.at\/index.php?rest_route=\/wp\/v2\/types\/page"}],"author":[{"embeddable":true,"href":"https:\/\/new.vs-jaegergrund.at\/index.php?rest_route=\/wp\/v2\/users\/3"}],"replies":[{"embeddable":true,"href":"https:\/\/new.vs-jaegergrund.at\/index.php?rest_route=%2Fwp%2Fv2%2Fcomments&post=12"}],"version-history":[{"count":5,"href":"https:\/\/new.vs-jaegergrund.at\/index.php?rest_route=\/wp\/v2\/pages\/12\/revisions"}],"predecessor-version":[{"id":1788,"href":"https:\/\/new.vs-jaegergrund.at\/index.php?rest_route=\/wp\/v2\/pages\/12\/revisions\/1788"}],"wp:attachment":[{"href":"https:\/\/new.vs-jaegergrund.at\/index.php?rest_route=%2Fwp%2Fv2%2Fmedia&parent=12"}],"curies":[{"name":"wp","href":"https:\/\/api.w.org\/{rel}","templated":true}]}}